{"id":37,"date":"2024-03-09T22:07:54","date_gmt":"2024-03-09T22:07:54","guid":{"rendered":"http:\/\/denis.bayer.pages.hak-schwaz.at\/?page_id=37"},"modified":"2024-03-12T19:49:45","modified_gmt":"2024-03-12T19:49:45","slug":"ntma","status":"publish","type":"page","link":"https:\/\/denis.bayer.pages.hak-schwaz.at\/?page_id=37","title":{"rendered":"NTMA"},"content":{"rendered":"\n<p class=\"has-white-color has-black-background-color has-text-color has-background\">Netzwerkmanagement<\/p>\n\n\n\n<p>Netzwerkmanagement ist ein weiteres Schulfach, das sich auf die digitalen Kompetenezen der Sch\u00fcler fokussiert und vom dritten bis zum vierten Jahrgang reicht.  Dieses Fach bringt einem die Hintergr\u00fcnde, sowie die Geschichte des Internets bei. Des Weiteren wird dem Sch\u00fcler die Hardware von gew\u00f6hnlichen Computern, sowie Servern n\u00e4her gebracht. Ein weitere Fachkompetenz ist die theoretische Aufstellung eines internen Netzwerkes, mithilfe von verschiedenen Applikationen. Ein PC in einem PC, digitale Server, das alles ist ebenso Teil dieses Unterrichtes. <\/p>\n\n\n\n<figure class=\"wp-block-image aligncenter size-large\"><img loading=\"lazy\" decoding=\"async\" width=\"1024\" height=\"576\" src=\"https:\/\/denis.bayer.pages.hak-schwaz.at\/wp-content\/uploads\/2024\/03\/network-2402637_1920-1024x576.jpg\" alt=\"\" class=\"wp-image-529\" srcset=\"https:\/\/denis.bayer.pages.hak-schwaz.at\/wp-content\/uploads\/2024\/03\/network-2402637_1920-1024x576.jpg 1024w, https:\/\/denis.bayer.pages.hak-schwaz.at\/wp-content\/uploads\/2024\/03\/network-2402637_1920-300x169.jpg 300w, https:\/\/denis.bayer.pages.hak-schwaz.at\/wp-content\/uploads\/2024\/03\/network-2402637_1920.jpg 1920w\" sizes=\"(max-width: 1024px) 100vw, 1024px\" \/><\/figure>\n","protected":false},"excerpt":{"rendered":"<p>Netzwerkmanagement Netzwerkmanagement ist ein weiteres Schulfach, das sich auf die digitalen Kompetenezen der Sch\u00fcler fokussiert und vom dritten bis zum vierten Jahrgang reicht. Dieses Fach bringt einem die Hintergr\u00fcnde, sowie die Geschichte des Internets bei. Des Weiteren wird dem Sch\u00fcler die Hardware von gew\u00f6hnlichen Computern, sowie Servern n\u00e4her gebracht. Ein weitere Fachkompetenz ist die theoretische &hellip; <\/p>\n<p class=\"link-more\"><a href=\"https:\/\/denis.bayer.pages.hak-schwaz.at\/?page_id=37\" class=\"more-link\">Read more<span class=\"screen-reader-text\"> &#8220;NTMA&#8221;<\/span><\/a><\/p>\n","protected":false},"author":1,"featured_media":0,"parent":0,"menu_order":0,"comment_status":"closed","ping_status":"closed","template":"","meta":{"footnotes":""},"featured_media_urls":[],"_links":{"self":[{"href":"https:\/\/denis.bayer.pages.hak-schwaz.at\/index.php?rest_route=\/wp\/v2\/pages\/37"}],"collection":[{"href":"https:\/\/denis.bayer.pages.hak-schwaz.at\/index.php?rest_route=\/wp\/v2\/pages"}],"about":[{"href":"https:\/\/denis.bayer.pages.hak-schwaz.at\/index.php?rest_route=\/wp\/v2\/types\/page"}],"author":[{"embeddable":true,"href":"https:\/\/denis.bayer.pages.hak-schwaz.at\/index.php?rest_route=\/wp\/v2\/users\/1"}],"replies":[{"embeddable":true,"href":"https:\/\/denis.bayer.pages.hak-schwaz.at\/index.php?rest_route=%2Fwp%2Fv2%2Fcomments&post=37"}],"version-history":[{"count":3,"href":"https:\/\/denis.bayer.pages.hak-schwaz.at\/index.php?rest_route=\/wp\/v2\/pages\/37\/revisions"}],"predecessor-version":[{"id":530,"href":"https:\/\/denis.bayer.pages.hak-schwaz.at\/index.php?rest_route=\/wp\/v2\/pages\/37\/revisions\/530"}],"wp:attachment":[{"href":"https:\/\/denis.bayer.pages.hak-schwaz.at\/index.php?rest_route=%2Fwp%2Fv2%2Fmedia&parent=37"}],"curies":[{"name":"wp","href":"https:\/\/api.w.org\/{rel}","templated":true}]}}