{"id":343,"date":"2024-03-10T18:37:40","date_gmt":"2024-03-10T18:37:40","guid":{"rendered":"http:\/\/denis.bayer.pages.hak-schwaz.at\/?page_id=343"},"modified":"2024-03-16T12:40:08","modified_gmt":"2024-03-16T12:40:08","slug":"home","status":"publish","type":"page","link":"https:\/\/denis.bayer.pages.hak-schwaz.at\/","title":{"rendered":"HOME"},"content":{"rendered":"\n<h2 class=\"wp-block-heading has-text-align-center\">\u00dcber mich<\/h2>\n\n\n\n<div class=\"wp-block-media-text is-stacked-on-mobile\" style=\"grid-template-columns:28% auto\"><figure class=\"wp-block-media-text__media\"><img loading=\"lazy\" decoding=\"async\" width=\"701\" height=\"1024\" src=\"https:\/\/denis.bayer.pages.hak-schwaz.at\/wp-content\/uploads\/2024\/03\/Denis-Schulfoto-2-701x1024.png\" alt=\"\" class=\"wp-image-678 size-full\" srcset=\"https:\/\/denis.bayer.pages.hak-schwaz.at\/wp-content\/uploads\/2024\/03\/Denis-Schulfoto-2-701x1024.png 701w, https:\/\/denis.bayer.pages.hak-schwaz.at\/wp-content\/uploads\/2024\/03\/Denis-Schulfoto-2-205x300.png 205w, https:\/\/denis.bayer.pages.hak-schwaz.at\/wp-content\/uploads\/2024\/03\/Denis-Schulfoto-2.png 1335w\" sizes=\"(max-width: 701px) 100vw, 701px\" \/><\/figure><div class=\"wp-block-media-text__content\">\n<p class=\"has-text-align-center\">Mein Name ist Denis Bayer, ich bin am 10.08.2005 in Schwaz geboren und fand mein Interesse an der Handelsakademie Schwaz, durch meine Schullaufbahn am BRG Schwaz, die sich das gleiche Schulgeb\u00e4ude teilen. <\/p>\n\n\n\n<p class=\"has-text-align-center\">Die Wirtschaft zu verstehen und sie n\u00e4her kennenzulernen interessierte mich damals schon und dieses Interesse verst\u00e4rkte sich nur durch die t\u00e4gliche N\u00e4he zur BHAK Schwaz. <\/p>\n\n\n\n<p class=\"has-text-align-center\">Des Weiteren bin ich daran interessiert mein Wissen an der Wirtschaft mit einem fortlaufenden Studium im Bereich Betriebswirtschaft beziehungsweise Management zu erweitern.<\/p>\n<\/div><\/div>\n\n\n\n<hr class=\"wp-block-separator has-alpha-channel-opacity\"\/>\n\n\n\n<div style=\"height:72px\" aria-hidden=\"true\" class=\"wp-block-spacer\"><\/div>\n\n\n\n<h2 class=\"wp-block-heading has-text-align-center\">Medienportfolio<\/h2>\n\n\n\n<p class=\"has-text-align-center\"><font size=\"4\">Das Medienportfolio ist ein obligatorischer Teil derjenigen Absolventen, die die KOMMIT &#8211; HAK besuchen. Ich musste zu jedem Medien &#8211; HAK &#8211; spezifischen Fach zwei Beitr\u00e4ge pro Semester aussuchen und hier auf dieser Website pr\u00e4sentieren. Das Portfolio gilt also als Sammlung aller erlangten Erkenntnisse der KOMMIT &#8211; HAK.<\/font><\/p>\n\n\n\n<figure class=\"wp-block-image aligncenter size-large\"><img loading=\"lazy\" decoding=\"async\" width=\"1024\" height=\"576\" src=\"https:\/\/denis.bayer.pages.hak-schwaz.at\/wp-content\/uploads\/2024\/03\/media-2082641_1280-1-1024x576.jpg\" alt=\"\" class=\"wp-image-679\" srcset=\"https:\/\/denis.bayer.pages.hak-schwaz.at\/wp-content\/uploads\/2024\/03\/media-2082641_1280-1-1024x576.jpg 1024w, https:\/\/denis.bayer.pages.hak-schwaz.at\/wp-content\/uploads\/2024\/03\/media-2082641_1280-1-300x169.jpg 300w, https:\/\/denis.bayer.pages.hak-schwaz.at\/wp-content\/uploads\/2024\/03\/media-2082641_1280-1.jpg 1280w\" sizes=\"(max-width: 1024px) 100vw, 1024px\" \/><\/figure>\n\n\n\n<hr class=\"wp-block-separator has-alpha-channel-opacity\"\/>\n\n\n\n<div style=\"height:68px\" aria-hidden=\"true\" class=\"wp-block-spacer\"><\/div>\n\n\n\n<div class=\"wp-block-group is-content-justification-center is-nowrap is-layout-flex wp-container-core-group-layout-2 wp-block-group-is-layout-flex\">\n<div class=\"wp-block-columns is-layout-flex wp-container-core-columns-layout-1 wp-block-columns-is-layout-flex\">\n<div class=\"wp-block-column is-layout-flow wp-block-column-is-layout-flow\" style=\"flex-basis:100%\">\n<div class=\"wp-block-group has-global-padding is-layout-constrained wp-block-group-is-layout-constrained\">\n<h2 class=\"wp-block-heading\">Warum KOMMIT &#8211; HAK?<\/h2>\n<\/div>\n<\/div>\n<\/div>\n<\/div>\n\n\n\n<div class=\"wp-block-group is-nowrap is-layout-flex wp-container-core-group-layout-3 wp-block-group-is-layout-flex\">\n<p class=\"has-text-align-center\"><font size=\"4\">Schon von klein auf interessierte mich die Wirtschaft, sowie die technologischen Seiten dieser. Des Weiteren faszinierte mich das Prinzip der digitalen Wandlung aller Dinge. Somit entschied ich mich nat\u00fcrlich f\u00fcr denjenigen Zweig, der meine Interessen vereint. Dieser war der sogenannte &#8220;Medienzweig&#8221; der BHAK Schwaz.<\/font><\/p>\n<\/div>\n\n\n\n<figure class=\"wp-block-image aligncenter size-full\"><img loading=\"lazy\" decoding=\"async\" width=\"960\" height=\"344\" src=\"https:\/\/denis.bayer.pages.hak-schwaz.at\/wp-content\/uploads\/2024\/03\/IMG_0023.jpeg\" alt=\"\" class=\"wp-image-391\" srcset=\"https:\/\/denis.bayer.pages.hak-schwaz.at\/wp-content\/uploads\/2024\/03\/IMG_0023.jpeg 960w, https:\/\/denis.bayer.pages.hak-schwaz.at\/wp-content\/uploads\/2024\/03\/IMG_0023-300x108.jpeg 300w\" sizes=\"(max-width: 960px) 100vw, 960px\" \/><\/figure>\n\n\n\n<hr class=\"wp-block-separator has-alpha-channel-opacity\"\/>\n\n\n\n<div style=\"height:65px\" aria-hidden=\"true\" class=\"wp-block-spacer\"><\/div>\n\n\n\n<div class=\"wp-block-group is-nowrap is-layout-flex wp-container-core-group-layout-4 wp-block-group-is-layout-flex\">\n<p class=\"has-text-align-center\"><em><strong>Freunde und Familie<\/strong><\/em><br><br>Auf dem Weg zur f\u00fcnften Klasse sto\u00df ich auf viele H\u00fcrden, die ich mithilfe Freunde und Familie \u00fcberstehen konnte.<\/p>\n\n\n\n<p class=\"has-text-align-center\"><strong><em>Meine Interessen<\/em><\/strong><br><br>Neben der schulischen Aktivit\u00e4ten betreibe ich regelm\u00e4\u00dfig Kraftsport, um einen Ausgleich zum Schulstress zu schaffen.<\/p>\n<\/div>\n\n\n\n<figure class=\"wp-block-image aligncenter size-large is-resized\"><img loading=\"lazy\" decoding=\"async\" width=\"1024\" height=\"682\" src=\"https:\/\/denis.bayer.pages.hak-schwaz.at\/wp-content\/uploads\/2024\/03\/00_Maturaball_cJakob_Oberkofler-92-1024x682.jpeg\" alt=\"\" class=\"wp-image-336\" style=\"width:536px;height:auto\" srcset=\"https:\/\/denis.bayer.pages.hak-schwaz.at\/wp-content\/uploads\/2024\/03\/00_Maturaball_cJakob_Oberkofler-92-1024x682.jpeg 1024w, https:\/\/denis.bayer.pages.hak-schwaz.at\/wp-content\/uploads\/2024\/03\/00_Maturaball_cJakob_Oberkofler-92-300x200.jpeg 300w, https:\/\/denis.bayer.pages.hak-schwaz.at\/wp-content\/uploads\/2024\/03\/00_Maturaball_cJakob_Oberkofler-92-600x400.jpeg 600w, https:\/\/denis.bayer.pages.hak-schwaz.at\/wp-content\/uploads\/2024\/03\/00_Maturaball_cJakob_Oberkofler-92-1200x800.jpeg 1200w, https:\/\/denis.bayer.pages.hak-schwaz.at\/wp-content\/uploads\/2024\/03\/00_Maturaball_cJakob_Oberkofler-92.jpeg 2000w\" sizes=\"(max-width: 1024px) 100vw, 1024px\" \/><\/figure>\n\n\n\n<div class=\"wp-block-group has-global-padding is-layout-constrained wp-block-group-is-layout-constrained\">\n<div class=\"wp-block-columns is-layout-flex wp-container-core-columns-layout-2 wp-block-columns-is-layout-flex\">\n<div class=\"wp-block-column is-layout-flow wp-block-column-is-layout-flow\" style=\"flex-basis:100%\">\n<hr class=\"wp-block-separator has-alpha-channel-opacity\"\/>\n<\/div>\n<\/div>\n<\/div>\n\n\n\n<div style=\"height:11px\" aria-hidden=\"true\" class=\"wp-block-spacer\"><\/div>\n\n\n\n<h2 class=\"wp-block-heading has-text-align-center\">Werdegang<\/h2>\n\n\n\n<p class=\"has-text-align-center\">Hier sehen Sie meine gesamte akademische Laufbahn.<\/p>\n\n\n\n<div class=\"wp-block-buttons is-content-justification-center is-layout-flex wp-container-core-buttons-layout-1 wp-block-buttons-is-layout-flex\">\n<div class=\"wp-block-button\"><a class=\"wp-block-button__link wp-element-button\" href=\"https:\/\/denis.bayer.pages.hak-schwaz.at\/?page_id=406\">Mehr dazu<\/a><\/div>\n<\/div>\n\n\n\n<div style=\"height:80px\" aria-hidden=\"true\" class=\"wp-block-spacer\"><\/div>\n","protected":false},"excerpt":{"rendered":"<p>\u00dcber mich Mein Name ist Denis Bayer, ich bin am 10.08.2005 in Schwaz geboren und fand mein Interesse an der Handelsakademie Schwaz, durch meine Schullaufbahn am BRG Schwaz, die sich das gleiche Schulgeb\u00e4ude teilen. Die Wirtschaft zu verstehen und sie n\u00e4her kennenzulernen interessierte mich damals schon und dieses Interesse verst\u00e4rkte sich nur durch die t\u00e4gliche &hellip; <\/p>\n<p class=\"link-more\"><a href=\"https:\/\/denis.bayer.pages.hak-schwaz.at\/\" class=\"more-link\">Read more<span class=\"screen-reader-text\"> &#8220;HOME&#8221;<\/span><\/a><\/p>\n","protected":false},"author":1,"featured_media":0,"parent":0,"menu_order":0,"comment_status":"closed","ping_status":"closed","template":"","meta":{"footnotes":""},"featured_media_urls":[],"_links":{"self":[{"href":"https:\/\/denis.bayer.pages.hak-schwaz.at\/index.php?rest_route=\/wp\/v2\/pages\/343"}],"collection":[{"href":"https:\/\/denis.bayer.pages.hak-schwaz.at\/index.php?rest_route=\/wp\/v2\/pages"}],"about":[{"href":"https:\/\/denis.bayer.pages.hak-schwaz.at\/index.php?rest_route=\/wp\/v2\/types\/page"}],"author":[{"embeddable":true,"href":"https:\/\/denis.bayer.pages.hak-schwaz.at\/index.php?rest_route=\/wp\/v2\/users\/1"}],"replies":[{"embeddable":true,"href":"https:\/\/denis.bayer.pages.hak-schwaz.at\/index.php?rest_route=%2Fwp%2Fv2%2Fcomments&post=343"}],"version-history":[{"count":105,"href":"https:\/\/denis.bayer.pages.hak-schwaz.at\/index.php?rest_route=\/wp\/v2\/pages\/343\/revisions"}],"predecessor-version":[{"id":714,"href":"https:\/\/denis.bayer.pages.hak-schwaz.at\/index.php?rest_route=\/wp\/v2\/pages\/343\/revisions\/714"}],"wp:attachment":[{"href":"https:\/\/denis.bayer.pages.hak-schwaz.at\/index.php?rest_route=%2Fwp%2Fv2%2Fmedia&parent=343"}],"curies":[{"name":"wp","href":"https:\/\/api.w.org\/{rel}","templated":true}]}}