{"id":319,"date":"2024-03-10T17:42:30","date_gmt":"2024-03-10T17:42:30","guid":{"rendered":"http:\/\/denis.bayer.pages.hak-schwaz.at\/?page_id=319"},"modified":"2024-03-14T20:20:17","modified_gmt":"2024-03-14T20:20:17","slug":"jahrgang-5-koea","status":"publish","type":"page","link":"https:\/\/denis.bayer.pages.hak-schwaz.at\/?page_id=319","title":{"rendered":"Jahrgang 5 KOEA"},"content":{"rendered":"\n<h2 class=\"wp-block-heading\">Jahrgang 5\/Semester 1<\/h2>\n\n\n\n<h3 class=\"wp-block-heading\">Pressemitteilung<\/h3>\n\n\n\n<p>Hier erstellten wir eine Pressemitteilung f\u00fcr ein fiktives Ereignis. Ich w\u00e4hlte hier den Besuch von Herrn Charlie Kleissner bei dem Unternehmen Adler Werk Lackfabrik GmbH &amp; Co KG. Ich schrieb \u00fcber die verschiedenen Aspekte der Nachhaltigkeit, sowie dem Erlangen eines positiven Impacts. Hier lernten wir einen seri\u00f6sen Pressebericht zu verfassen. Des Weiteren mussten wir das betroffene Unternehmen beschreiben und die Gr\u00fcnde f\u00fcr die Wahl erl\u00e4utern. <\/p>\n\n\n\n<p>Hier sehen Sie die Mitteilung: <\/p>\n\n\n\n<div data-wp-interactive=\"\" class=\"wp-block-file\"><object data-wp-bind--hidden=\"!selectors.core.file.hasPdfPreview\" hidden class=\"wp-block-file__embed\" data=\"https:\/\/denis.bayer.pages.hak-schwaz.at\/wp-content\/uploads\/2024\/03\/Pressemitteilung.pdf\" type=\"application\/pdf\" style=\"width:100%;height:600px\" aria-label=\"Embed of Pressemitteilung.\"><\/object><a id=\"wp-block-file--media-73491ac5-d3c5-4e43-ab93-25863e18ecf6\" href=\"https:\/\/denis.bayer.pages.hak-schwaz.at\/wp-content\/uploads\/2024\/03\/Pressemitteilung.pdf\">Pressemitteilung<\/a><a href=\"https:\/\/denis.bayer.pages.hak-schwaz.at\/wp-content\/uploads\/2024\/03\/Pressemitteilung.pdf\" class=\"wp-block-file__button wp-element-button\" download aria-describedby=\"wp-block-file--media-73491ac5-d3c5-4e43-ab93-25863e18ecf6\">Download<\/a><\/div>\n\n\n\n<h3 class=\"wp-block-heading\">Compliance and Code of Conduct<\/h3>\n\n\n\n<p>Hier lernen wir die Aspekte der Compliance und des Code of Conducts kennen. Wir mussten in diesem Arbeitsauftrag erl\u00e4utern welche Regelungen im Code of Conduct von LKW Walter enthalten sind. Des Weiteren erkl\u00e4re ich den Begriff &#8220;Tone at the Top&#8221; und wie dieser gelebt wird. Wir lernten diese Regelungen und Anspr\u00fcche kennen und was sie regeln. <\/p>\n\n\n\n<p>Am Ende des Dokumentes sehen Sie die ausgearbeiteten Fragen der Aufgabe:<\/p>\n\n\n\n<div data-wp-interactive=\"\" class=\"wp-block-file\"><object data-wp-bind--hidden=\"!selectors.core.file.hasPdfPreview\" hidden class=\"wp-block-file__embed\" data=\"https:\/\/denis.bayer.pages.hak-schwaz.at\/wp-content\/uploads\/2024\/03\/06_01_Compliance_Code-of-Conduct_Denis.pdf\" type=\"application\/pdf\" style=\"width:100%;height:600px\" aria-label=\"Embed of 06_01_Compliance_Code-of-Conduct_Denis.\"><\/object><a id=\"wp-block-file--media-d1ebde76-0d72-4276-8b27-f7e0b7e2f6a7\" href=\"https:\/\/denis.bayer.pages.hak-schwaz.at\/wp-content\/uploads\/2024\/03\/06_01_Compliance_Code-of-Conduct_Denis.pdf\">06_01_Compliance_Code-of-Conduct_Denis<\/a><a href=\"https:\/\/denis.bayer.pages.hak-schwaz.at\/wp-content\/uploads\/2024\/03\/06_01_Compliance_Code-of-Conduct_Denis.pdf\" class=\"wp-block-file__button wp-element-button\" download aria-describedby=\"wp-block-file--media-d1ebde76-0d72-4276-8b27-f7e0b7e2f6a7\">Download<\/a><\/div>\n\n\n\n<h2 class=\"wp-block-heading\">Jahrgang 5\/Semester 2<\/h2>\n\n\n\n<h3 class=\"wp-block-heading\">Babys First Meal<\/h3>\n\n\n\n<p>Hier arbeiteten wir in Gruppen an einem Fallbeispiel bez\u00fcglich des Krisenmanagements in einem Unternehmen. In einem Glas Babynahrung soll man Teile von Ratten gefunden haben. Ein ver\u00e4rgertes Elternteil versucht den Kundenservice zu kontaktieren, wird aber immer zur\u00fcckgewiesen und nimmt dann Kontakt zu den \u00f6ffentlichen Medien auf. Dieser Fall eskaliert und die Reputation des Unternehmens ist dann gesch\u00e4digt. Wir haben uns damit besch\u00e4ftigt, um was f\u00fcr eine Krise es sich handelt und wie man sie am besten behandeln sollte. <\/p>\n\n\n\n<p>Hier sehen sie die PowerPoint &#8211; Pr\u00e4sentation:<\/p>\n\n\n\n<div data-wp-interactive=\"\" class=\"wp-block-file\"><object data-wp-bind--hidden=\"!selectors.core.file.hasPdfPreview\" hidden class=\"wp-block-file__embed\" data=\"https:\/\/denis.bayer.pages.hak-schwaz.at\/wp-content\/uploads\/2024\/03\/Babys-first-meal.pdf\" type=\"application\/pdf\" style=\"width:100%;height:600px\" aria-label=\"Embed of Babys-first-meal.\"><\/object><a id=\"wp-block-file--media-ebfa076d-bfc4-48e0-ab5b-54c483e672a0\" href=\"https:\/\/denis.bayer.pages.hak-schwaz.at\/wp-content\/uploads\/2024\/03\/Babys-first-meal.pdf\">Babys-first-meal<\/a><a href=\"https:\/\/denis.bayer.pages.hak-schwaz.at\/wp-content\/uploads\/2024\/03\/Babys-first-meal.pdf\" class=\"wp-block-file__button wp-element-button\" download aria-describedby=\"wp-block-file--media-ebfa076d-bfc4-48e0-ab5b-54c483e672a0\">Download<\/a><\/div>\n","protected":false},"excerpt":{"rendered":"<p>Jahrgang 5\/Semester 1 Pressemitteilung Hier erstellten wir eine Pressemitteilung f\u00fcr ein fiktives Ereignis. Ich w\u00e4hlte hier den Besuch von Herrn Charlie Kleissner bei dem Unternehmen Adler Werk Lackfabrik GmbH &amp; Co KG. Ich schrieb \u00fcber die verschiedenen Aspekte der Nachhaltigkeit, sowie dem Erlangen eines positiven Impacts. Hier lernten wir einen seri\u00f6sen Pressebericht zu verfassen. Des &hellip; <\/p>\n<p class=\"link-more\"><a href=\"https:\/\/denis.bayer.pages.hak-schwaz.at\/?page_id=319\" class=\"more-link\">Read more<span class=\"screen-reader-text\"> &#8220;Jahrgang 5 KOEA&#8221;<\/span><\/a><\/p>\n","protected":false},"author":1,"featured_media":0,"parent":0,"menu_order":0,"comment_status":"closed","ping_status":"closed","template":"","meta":{"footnotes":""},"featured_media_urls":[],"_links":{"self":[{"href":"https:\/\/denis.bayer.pages.hak-schwaz.at\/index.php?rest_route=\/wp\/v2\/pages\/319"}],"collection":[{"href":"https:\/\/denis.bayer.pages.hak-schwaz.at\/index.php?rest_route=\/wp\/v2\/pages"}],"about":[{"href":"https:\/\/denis.bayer.pages.hak-schwaz.at\/index.php?rest_route=\/wp\/v2\/types\/page"}],"author":[{"embeddable":true,"href":"https:\/\/denis.bayer.pages.hak-schwaz.at\/index.php?rest_route=\/wp\/v2\/users\/1"}],"replies":[{"embeddable":true,"href":"https:\/\/denis.bayer.pages.hak-schwaz.at\/index.php?rest_route=%2Fwp%2Fv2%2Fcomments&post=319"}],"version-history":[{"count":7,"href":"https:\/\/denis.bayer.pages.hak-schwaz.at\/index.php?rest_route=\/wp\/v2\/pages\/319\/revisions"}],"predecessor-version":[{"id":691,"href":"https:\/\/denis.bayer.pages.hak-schwaz.at\/index.php?rest_route=\/wp\/v2\/pages\/319\/revisions\/691"}],"wp:attachment":[{"href":"https:\/\/denis.bayer.pages.hak-schwaz.at\/index.php?rest_route=%2Fwp%2Fv2%2Fmedia&parent=319"}],"curies":[{"name":"wp","href":"https:\/\/api.w.org\/{rel}","templated":true}]}}