{"id":309,"date":"2024-03-10T17:40:52","date_gmt":"2024-03-10T17:40:52","guid":{"rendered":"http:\/\/denis.bayer.pages.hak-schwaz.at\/?page_id=309"},"modified":"2024-03-14T20:34:59","modified_gmt":"2024-03-14T20:34:59","slug":"jahrgang-4-ntma","status":"publish","type":"page","link":"https:\/\/denis.bayer.pages.hak-schwaz.at\/?page_id=309","title":{"rendered":"Jahrgang 4 NTMA"},"content":{"rendered":"\n<h2 class=\"wp-block-heading\">Jahrgang 4\/Semester 1<\/h2>\n\n\n\n<h3 class=\"wp-block-heading\">KI &#8211; Pr\u00e4sentation<\/h3>\n\n\n\n<p>Hier hatten wir mehrere Themen zur Auswahl. Dieses Thema musste dann in Form einer PowerPoint &#8211; Pr\u00e4sentation vor der Schulklasse vorgef\u00fchrt werden. Wir recherchierten einiges \u00fcber das Thema der k\u00fcnstlichen Intelligenz. Was ist sie, wie ist sie aufgebaut, Gefahren und vieles mehr. So kam unser Projektteam auch zu unserem Diplomarbeitsthema. <\/p>\n\n\n\n<p>Hier ist die finale Version:<\/p>\n\n\n\n<div data-wp-interactive=\"\" class=\"wp-block-file\"><object data-wp-bind--hidden=\"!selectors.core.file.hasPdfPreview\" hidden class=\"wp-block-file__embed\" data=\"https:\/\/denis.bayer.pages.hak-schwaz.at\/wp-content\/uploads\/2024\/03\/Kunstliche-Intelligenz.pdf\" type=\"application\/pdf\" style=\"width:100%;height:600px\" aria-label=\"Embed of Kunstliche-Intelligenz.\"><\/object><a id=\"wp-block-file--media-b28923d9-f0e7-4854-8617-457a5457571f\" href=\"https:\/\/denis.bayer.pages.hak-schwaz.at\/wp-content\/uploads\/2024\/03\/Kunstliche-Intelligenz.pdf\">Kunstliche-Intelligenz<\/a><a href=\"https:\/\/denis.bayer.pages.hak-schwaz.at\/wp-content\/uploads\/2024\/03\/Kunstliche-Intelligenz.pdf\" class=\"wp-block-file__button wp-element-button\" download aria-describedby=\"wp-block-file--media-b28923d9-f0e7-4854-8617-457a5457571f\">Download<\/a><\/div>\n\n\n\n<h3 class=\"wp-block-heading\">Datensicherheit<\/h3>\n\n\n\n<p>Hier mussten wir pers\u00f6nliche Fragen bez\u00fcglich der Datensicherheit beantworten. Ziel war es Sch\u00fcler \u00fcber die Datennutzung nachdenken zu lassen, um Aufmerksamkeit zu erregen und die Sch\u00fcler zu sch\u00fctzen. Uns wurde hier die sichere Datennutzung beigebracht. <\/p>\n\n\n\n<p>Hier sehen Sie das finale Produkt:<\/p>\n\n\n\n<div data-wp-interactive=\"\" class=\"wp-block-file\"><object data-wp-bind--hidden=\"!selectors.core.file.hasPdfPreview\" hidden class=\"wp-block-file__embed\" data=\"https:\/\/denis.bayer.pages.hak-schwaz.at\/wp-content\/uploads\/2024\/03\/Datensicherheit-Mitschrift.pdf\" type=\"application\/pdf\" style=\"width:100%;height:600px\" aria-label=\"Embed of Datensicherheit-Mitschrift.\"><\/object><a id=\"wp-block-file--media-4d1bb18f-ad79-4500-baa9-5121161fd50c\" href=\"https:\/\/denis.bayer.pages.hak-schwaz.at\/wp-content\/uploads\/2024\/03\/Datensicherheit-Mitschrift.pdf\">Datensicherheit-Mitschrift<\/a><a href=\"https:\/\/denis.bayer.pages.hak-schwaz.at\/wp-content\/uploads\/2024\/03\/Datensicherheit-Mitschrift.pdf\" class=\"wp-block-file__button wp-element-button\" download aria-describedby=\"wp-block-file--media-4d1bb18f-ad79-4500-baa9-5121161fd50c\">Download<\/a><\/div>\n\n\n\n<p><\/p>\n\n\n\n<h2 class=\"wp-block-heading\">Jahrgang 4\/Semester 2<\/h2>\n\n\n\n<h3 class=\"wp-block-heading\">Dokumentationsbeitrag bez\u00fcglich Server<\/h3>\n\n\n\n<p>In diesem Semester besch\u00e4ftigten wir uns mit digitalen Servern, deren Funktionen und Aufgaben. Die physische Zusammensetzung, sowohl die Installation war uns nicht fremd. Wir formten Gruppen und erstellten in zweier Gruppen einen Dokumentationsbeitrag \u00fcber jegliche Themen im Semester. Da sich das Thema bzw. der Beitrag \u00fcber das gesamte Semester erstreckt, habe ich hier nur diesen Beitrag angegeben.<\/p>\n\n\n\n<p>Diesen Beitrag sehen Sie hier: <\/p>\n\n\n\n<div data-wp-interactive=\"\" class=\"wp-block-file\"><object data-wp-bind--hidden=\"!selectors.core.file.hasPdfPreview\" hidden class=\"wp-block-file__embed\" data=\"https:\/\/denis.bayer.pages.hak-schwaz.at\/wp-content\/uploads\/2024\/03\/DokubeitragDenisDarius-min-1.pdf\" type=\"application\/pdf\" style=\"width:100%;height:600px\" aria-label=\"Embed of DokubeitragDenisDarius-min-1.\"><\/object><a id=\"wp-block-file--media-22549223-363c-4480-9b2a-03277a000808\" href=\"https:\/\/denis.bayer.pages.hak-schwaz.at\/wp-content\/uploads\/2024\/03\/DokubeitragDenisDarius-min-1.pdf\">DokubeitragDenisDarius-min-1<\/a><a href=\"https:\/\/denis.bayer.pages.hak-schwaz.at\/wp-content\/uploads\/2024\/03\/DokubeitragDenisDarius-min-1.pdf\" class=\"wp-block-file__button wp-element-button\" download aria-describedby=\"wp-block-file--media-22549223-363c-4480-9b2a-03277a000808\">Download<\/a><\/div>\n","protected":false},"excerpt":{"rendered":"<p>Jahrgang 4\/Semester 1 KI &#8211; Pr\u00e4sentation Hier hatten wir mehrere Themen zur Auswahl. Dieses Thema musste dann in Form einer PowerPoint &#8211; Pr\u00e4sentation vor der Schulklasse vorgef\u00fchrt werden. Wir recherchierten einiges \u00fcber das Thema der k\u00fcnstlichen Intelligenz. Was ist sie, wie ist sie aufgebaut, Gefahren und vieles mehr. So kam unser Projektteam auch zu unserem &hellip; <\/p>\n<p class=\"link-more\"><a href=\"https:\/\/denis.bayer.pages.hak-schwaz.at\/?page_id=309\" class=\"more-link\">Read more<span class=\"screen-reader-text\"> &#8220;Jahrgang 4 NTMA&#8221;<\/span><\/a><\/p>\n","protected":false},"author":1,"featured_media":0,"parent":0,"menu_order":0,"comment_status":"closed","ping_status":"closed","template":"","meta":{"footnotes":""},"featured_media_urls":[],"_links":{"self":[{"href":"https:\/\/denis.bayer.pages.hak-schwaz.at\/index.php?rest_route=\/wp\/v2\/pages\/309"}],"collection":[{"href":"https:\/\/denis.bayer.pages.hak-schwaz.at\/index.php?rest_route=\/wp\/v2\/pages"}],"about":[{"href":"https:\/\/denis.bayer.pages.hak-schwaz.at\/index.php?rest_route=\/wp\/v2\/types\/page"}],"author":[{"embeddable":true,"href":"https:\/\/denis.bayer.pages.hak-schwaz.at\/index.php?rest_route=\/wp\/v2\/users\/1"}],"replies":[{"embeddable":true,"href":"https:\/\/denis.bayer.pages.hak-schwaz.at\/index.php?rest_route=%2Fwp%2Fv2%2Fcomments&post=309"}],"version-history":[{"count":4,"href":"https:\/\/denis.bayer.pages.hak-schwaz.at\/index.php?rest_route=\/wp\/v2\/pages\/309\/revisions"}],"predecessor-version":[{"id":700,"href":"https:\/\/denis.bayer.pages.hak-schwaz.at\/index.php?rest_route=\/wp\/v2\/pages\/309\/revisions\/700"}],"wp:attachment":[{"href":"https:\/\/denis.bayer.pages.hak-schwaz.at\/index.php?rest_route=%2Fwp%2Fv2%2Fmedia&parent=309"}],"curies":[{"name":"wp","href":"https:\/\/api.w.org\/{rel}","templated":true}]}}